ose -15644 = -17*l - 305*l - 832. Give c(l).
-3
Let w(k) = 9296*k - 2*k**2 + 9297*k - 4 - 18606*k. What is w(-4)?
16
Let s be (0 + -1)/((-2)/6). Suppose -4*a + 21 = 5*j, 0 = -a + 211*j - 207*j. Let g(x) = -6*x + x - s - x**2 + 5*x - a*x. What is g(-2)?
1
Let d(n) = -5*n**2. Let s(a) = 17*a**2 - 37*a**2 + 21*a**2 + a. Let i be s(-2). Suppose 2*w - 3*r + 8 = -r, 0 = -i*w + 4*r - 18. Give d(w).
-5
Suppose -33*l - 131 - 58 + 90 = 0. Let r(d) = d**3 + 4*d - 1. Let x(a) = a**3 + a**2 + 3*a - 1. Let s(q) = -2*r(q) + 3*x(q). Determine s(l).
-4
Let h(n) be the second derivative of 3*n**3/2 - 71*n**2/2 - 2*n - 2593. Give h(12).
37
Let f(n) = 4*n**3 + n**2 - 1. Let a = -80 + 82. Suppose -g + a = 3*g - 3*i, 5*g + 2*i = 14. Let c be 1/(g/6) - (-8)/(-2). Calculate f(c).
-4
Let w be 3*(-4 + 3) - -8. Suppose 60 = -w*q + 70. Let l(n) = 5 - q - 5 - 2*n. What is l(-3)?
4
Let f(n) = -n - 3. Suppose 2*y = 2, 6*a - 8*a = 5*y + 5. Let m be -12 + ((-1 - -5) + -11 - a). Calculate f(m).
11
Suppose 3*o + 199 = 2*q - 243, -3*o = -5*q + 1096. Let f = 223 - q. Let s(g) = -g + 4. Give s(f).
-1
Let s(f) = 5*f**2 - 7*f - 6. Let a = 13346 + -13347. Calculate s(a).
6
Let q(s) = -3 + 5 + 9*s**2 - s**3 - 4*s + 3*s. Let x(v) = 6*v - 203. Let g be x(36). Let j(l) = -13*l + 178. Let h be j(g). Determine q(h).
-7
Let a(x) = 2*x**3 + x**2. Let c(j) = 203*j - 2234. Let w be c(11). What is a(w)?
-1
Let v(s) = s**2 - 8*s - 14. Let k be (2 - -5) + (-3 - -6). Suppose -9*p = -k*p - 22. Let d = 32 + p. Give v(d).
6
Let r(b) = -b**3 + 17*b**2 - 11*b - 22. Let l(u) = -5*u**3 + 70*u**2 - 42*u - 86. Let m(x) = 2*l(x) - 9*r(x). Determine m(-14).
12
Let l(o) = -12 + 2 + 0*o - o - 2. Let q be (-5 - (-9 + 1))/((-6)/22). Calculate l(q).
-1
Let l(q) = -q**3 - 8*q**2 + 27*q - 68. Suppose 0 = 13*b + 760 - 617. Calculate l(b).
-2
Let r = -4 - -1. Let s(m) be the second derivative of -m**4/12 - m**3/3 + m**2/2 + 59*m + 2. Let y be s(r). Let o(w) = 4*w + 3. Determine o(y).
-5
Let p(o) = -4 + 7*o - 9*o + 8798*o**2 - 8796*o**2. Suppose -3 = -3*c + 6*c. Let s = -2 + c. Calculate p(s).
20
Let m(i) be the first derivative of i**2 - 180. Let v = 3 - 4. Let n be 2/1 + (-2)/v. What is m(n)?
8
Let u(s) = 8*s**2 + s**3 - 16286*s + 2 + 1 + 16293*s. What is u(-7)?
3
Let m be (4/10)/((-1)/(-10)). Let v(f) be the first derivative of -f**5/60 + f**4/8 - 7*f**3/3 + 47. Let u(l) be the third derivative of v(l). Give u(m).
-5
Suppose -5*n + 24 = -1231. Let u(v) = 6*v**3 + 4 - 254*v**2 + n*v**2 - v**3 - 4*v**3 + 2*v. Suppose q - 3 = 2*w, 3*q + 4*w - 9 = w. Determine u(q).
10
Let l(q) = 16*q**2 + 94*q - 11. Let p be l(-6). Suppose 4 = v, 4*v - p = 4*r + 19. Let m(n) = 24*n**3 + 2*n**2 - 1. Determine m(r).
-23
Let q(n) = n + 4. Let m(c) = 2*c**2 - 12*c + 3. Suppose 8*g = 58 - 10. Let y be m(g). Suppose -k + 4*o - 4 = -y, k + o = -11. What is q(k)?
-5
Let j = 83 - 57. Let m = j - 22. Suppose -m = -2*p - 2*x - x, 3*p + 3*x - 3 = 0. Let i(o) = 21*o**2 - 1. Give i(p).
20
Let t(d) = 2*d - 5. Let g(x) = -5*x + 4. Let p(s) = 3*g(s) + 5*t(s). Give p(-8).
27
Let l(g) = -7*g - 1. Let r(z) = z. Let d(h) = -8*h + 1. Let q(n) = d(n) + 6*r(n). Let i(x) = -l(x) + 4*q(x). Determine i(0).
5
Let r(c) = 19*c**2 - c + 4. Let b(i) = 12*i**2 - 2*i + 3. Let t(l) = 3*b(l) - 2*r(l). Give t(-6).
-47
Let d = 392 + -387. Let q(c) = -4*c**2 - 29*c + 19. Let h(b) = 3*b**2 + 19*b - 13. Let i(u) = d*q(u) + 7*h(u). Determine i(12).
4
Let s(x) = -1. Let g(a) = -a + 26. Let i(j) = g(j) + 5*s(j). Let d(r) = r**3 - 5*r**2 + 4 - 5 - 7*r + 7. Let w be d(6). Give i(w).
21
Let g(a) = -6*a - 1. Let t = -22 + 66. Let k be ((110/20)/11)/((-4)/(-360)). Let q = t - k. What is g(q)?
5
Let v(n) = -38*n + 225. Suppose -1434 = -3*t - 1416. Let c be v(t). Let b(g) = 2*g**3 + 4*g**2 + 4*g + 1. Calculate b(c).
-29
Let p(h) = -h**3 - 4*h**2 + 16*h + 26. Let k(v) = 5*v**3 + 19*v**2 - 78*v - 122. Let b(f) = -4*k(f) - 19*p(f). Determine b(4).
-38
Let g(h) = h**2 + 6*h + 4. Let u(w) = 78*w - 33 - 38*w - 24 - 42*w + 17. Suppose 0 = 3*m + m + 72. Let c be u(m). What is g(c)?
-4
Suppose 2*o - q = 21, 0*q - 46 = -5*o - 4*q. Let p(n) = 16*n - 21. Let s(u) = -3*u + 4. Let f(w) = -2*p(w) - 11*s(w). Determine f(o).
8
Suppose 0 = -12*a - 808 + 760. Let r(v) = -v**2 - 9*v + 1. Give r(a).
21
Let f(w) = w**2 + 7*w + 5. Let r = 77 - 75. Suppose 0 = -r*p - 240 + 228. Determine f(p).
-1
Let b(p) = p**3 - 7*p**2 - 22*p + 43. Let j(y) = -108*y - 3123. Let a be j(-29). Calculate b(a).
7
Suppose 22*t + 160 = 72*t + 30*t. Let m(i) = 3*i**3 + 4*i**2 - 6*i + 2. Calculate m(t).
30
Let g(w) = w - 7. Suppose 2*o + 92 = -78. Let k = -93 - o. Let u be 6/k*(8 + -16). What is g(u)?
-1
Let y(q) be the second derivative of q**4/12 + q**3 + 3*q - 3. Let n(x) = -x**3 - 2*x**2 - 2*x - 5. Suppose -10*p = -15*p. Let s be n(p). What is y(s)?
-5
Let q(y) = -3*y**3 + 10*y**2 + 3*y - 9. Let w(c) = -c**3 + c + 1. Let k(o) = q(o) - 2*w(o). Let l = 4807 - 4797. Give k(l).
-1
Let f(g) = g - 3. Let j be 7 - (-11)/(-88)*8. What is f(j)?
3
Let k(y) = 3 - 10*y + 10 + 8*y + 5*y. Give k(-27).
-68
Suppose -t + 2*o + 2 = 0, -16 = 7*t - 3*t - 2*o. Let a be 16/24*t/4. Let x(u) be the second derivative of -11*u**3/3 - u**2/2 + 39*u + 4. Calculate x(a).
21
Let w(c) = 5*c**3 + 2*c**2 - c. Let q be (-78)/(-12)*(-2 - 10). Let n = q - -79. What is w(n)?
6
Let v(i) = -3*i**2 - 5*i + 2. Let a be v(-2). Let h(y) be the third derivative of a - 4*y**2 - 1/8*y**4 + 1/3*y**3 + 0*y. What is h(2)?
-4
Suppose 13*t - 27 = -1. Suppose 11 = -3*i + 7*i + 3*o, -i = -4*o + t. Let x(p) = 5 + 9*p**2 - 6 - p**i + p**2 - p. Determine x(-1).
9
Let m(q) be the first derivative of -q**3 + 5*q**2/2 + 4*q - 306. Let c(a) = -2*a**2 + 2*a + 3. Let l(s) = 5*c(s) - 3*m(s). What is l(-5)?
3
Let w(r) = -5 + 11*r + r - 23*r + 8*r. Determine w(4).
-17
Let q(p) = -p**3 - 5*p**2 + 6*p - 9. Let j(n) = 17*n + 18. Let v be j(-3). Let z = 27 + v. Give q(z).
-9
Let a(f) = 0 + 13*f**2 + 3 + 29*f - f**3 + 0 + 5. Suppose -2*w + 12 + 14 = 2*n, -5*w = -4*n - 83. Let s be a(w). Let h(c) = c**2 + 7*c - 6. Give h(s).
-6
Let b(n) be the first derivative of 1/4*n**4 + 338 - 3*n + 0*n**2 - 17/3*n**3. Calculate b(17).
-3
Let q(f) be the second derivative of 0 + 52*f + 1/6*f**3 - 11/2*f**2. Determine q(9).
-2
Let d(r) = -2*r**2 - 16*r - 26. Let w be ((-7)/28)/(10/240). Calculate d(w).
-2
Let z = -12045 + 12030. Let y(q) = 19*q + 292. What is y(z)?
7
Let o(a) = 4 + 0 - 2 - a + a**2 + a**3. Let z be ((15/(-2))/(-5))/(93/12338). Let m = z - 201. What is o(m)?
0
Let q be (-18)/8*1*16/(-12). Let u(i) = 6*i**2 + 2*i - i**3 - i + 0*i**q + 2*i + 2. Determine u(6).
20
Let i = 8/1349 - -9251/32376. Let k(s) be the third derivative of 0*s + 1/60*s**5 - 1/3*s**3 - 13*s**2 + 0 - i*s**4. Give k(7).
-2
Let o(l) = l**3 - 10*l**2 + 10*l - 5. Let i be o(9). Let a be (2/i)/((-5)/60). Let p(b) = -5*b + 2*b**2 + 26*b**3 - 9*b**2 + 2 - 27*b**3. Determine p(a).
-4
Let x(t) be the second derivative of t**5/20 + 4*t**4/3 - 13*t**3 + t**2/2 - 5*t + 418. Determine x(-20).
-39
Let b(y) = y**2 + 1. Let d(j) = -7*j**2 - 4. Let l(g) = 5*b(g) + d(g). Let f(s) = -16*s**2 + 9*s + 35. Let o be f(-5). Let r = -411 - o. Determine l(r).
-1
Let u(k) = 111*k - 9. Let j be u(2). Let d = j - 212. Let h(o) be the first derivative of 4*o**4 - o**2/2 - 2. Calculate h(d).
15
Let y(a) be the first derivative of -2*a**3/3 - 39*a**2/2 - 6*a + 303. Let n(g) = -g**2 - 18*g - 3. Let i(d) = 7*n(d) - 3*y(d). Give i(-8).
5
Let g(o) = -3*o - 5. Let h be g(-4). Let f(b) = -11*b**2 - 20*b + 44. Let p(d) = -9*d**2 - 18*d + 38. Let c(x) = -5*f(x) + 6*p(x). What is c(h)?
1
Let k(m) be the second derivative of m**5/10 + m**4/12 + m**3/6 - 3*m**2/2 + 1158*m. Give k(2).
19
Suppose -2*m = 17 - 7. Let s(j) = 2*j - 8. Let f(p) = 3*p - 15. Let a(t) = -f(t) + 2*s(t). Calculate a(m).
-6
Let o(c) = -15*c. Let q = 454 + -463. What is o(q)?
135
Suppose -2*n + 0*n + 3*x = 227, -n + 5*x = 103. Let a = -168 - n. Let s = a + 44. Let q(o) = o**2 + 4*o - 2. Determine q(s).
10
Suppose -5*d = 2*b - 284, 5*d + 3*b + 77 - 363 = 0. Let x(p) = -61 - 2*p**2 + 3*p**2 + d. Give x(3).
4
Suppose 2*v + 5*v + 343 = 0. Let b = v + -10. Let x = b - -63. Let d(z) = -z**3 + 6*z**2 - 5*z + 2. Give d(x).
14
Suppose 2*p + 12 = 0, 135*h - 130*h + 64 = -4*p. Let i(n) = 6*n + 40. Determine